{"id":447,"date":"2022-06-16T13:49:04","date_gmt":"2022-06-16T12:49:04","guid":{"rendered":"http:\/\/www.wafu-plerin.com\/?page_id=447"},"modified":"2024-01-21T02:26:36","modified_gmt":"2024-01-21T01:26:36","slug":"boissons","status":"publish","type":"page","link":"https:\/\/www.wafu-plerin.com\/index.php\/boissons\/","title":{"rendered":"BOISSONS"},"content":{"rendered":"<p>&nbsp;<\/p>\n<h2 id=\"tablepress-2-name\" class=\"tablepress-table-name tablepress-table-name-id-2\">Ap\u00e9ritifs<\/h2>\n\n<table id=\"tablepress-2\" class=\"tablepress tablepress-id-2\" aria-labelledby=\"tablepress-2-name\">\n<tbody>\n<tr class=\"row-1\">\n\t<td class=\"column-1\">Cocktail maison sans alcool<\/td><td class=\"column-2\">20 cl<\/td><td class=\"column-3\">4.50 \u20ac<\/td>\n<\/tr>\n<tr class=\"row-2\">\n\t<td class=\"column-1\">Cocktail maison avec alcool<\/td><td class=\"column-2\">12 cl<\/td><td class=\"column-3\">4.50 \u20ac<\/td>\n<\/tr>\n<tr class=\"row-3\">\n\t<td class=\"column-1\">Kir vin blanc (cassis\/p\u00eache\/m\u00fbre)<\/td><td class=\"column-2\">12 cl<\/td><td class=\"column-3\">4.50 \u20ac<\/td>\n<\/tr>\n<tr class=\"row-4\">\n\t<td class=\"column-1\">Kir p\u00e9tillant (cassis\/p\u00eache\/m\u00fbre)<\/td><td class=\"column-2\">12 cl<\/td><td class=\"column-3\">5.50 \u20ac<\/td>\n<\/tr>\n<tr class=\"row-5\">\n\t<td class=\"column-1\">Martini (rouge\/blanc)<\/td><td class=\"column-2\">4 cl<\/td><td class=\"column-3\">4.50 \u20ac<\/td>\n<\/tr>\n<tr class=\"row-6\">\n\t<td class=\"column-1\">Martini Gin<\/td><td class=\"column-2\">6 cl<\/td><td class=\"column-3\">6.00 \u20ac<\/td>\n<\/tr>\n<tr class=\"row-7\">\n\t<td class=\"column-1\">Ricard<\/td><td class=\"column-2\">2 cl<\/td><td class=\"column-3\">4.50 \u20ac<\/td>\n<\/tr>\n<tr class=\"row-8\">\n\t<td class=\"column-1\">Porto rouge<\/td><td class=\"column-2\">4 cl<\/td><td class=\"column-3\">4.50 \u20ac<\/td>\n<\/tr>\n<tr class=\"row-9\">\n\t<td class=\"column-1\">Suze<\/td><td class=\"column-2\">4 cl<\/td><td class=\"column-3\">4.50 \u20ac<\/td>\n<\/tr>\n<tr class=\"row-10\">\n\t<td class=\"column-1\">Am\u00e9ricano<\/td><td class=\"column-2\">4 cl<\/td><td class=\"column-3\">4.50 \u20ac<\/td>\n<\/tr>\n<tr class=\"row-11\">\n\t<td class=\"column-1\">Whisky Johnnie Walker<\/td><td class=\"column-2\">4 cl<\/td><td class=\"column-3\">6.00 \u20ac<\/td>\n<\/tr>\n<tr class=\"row-12\">\n\t<td class=\"column-1\">Whisky Chivas (12 ans d'age)<\/td><td class=\"column-2\">4 cl<\/td><td class=\"column-3\">7.00 \u20ac<\/td>\n<\/tr>\n<tr class=\"row-13\">\n\t<td class=\"column-1\">Vodka (orange\/ananas)<\/td><td class=\"column-2\">4 cl<\/td><td class=\"column-3\">5.50 \u20ac<\/td>\n<\/tr>\n<tr class=\"row-14\">\n\t<td class=\"column-1\">Malibu (orange\/ananas)<\/td><td class=\"column-2\">4 cl<\/td><td class=\"column-3\">5.50 \u20ac<\/td>\n<\/tr>\n<tr class=\"row-15\">\n\t<td class=\"column-1\">Kir royal (cassis\/p\u00eache\/m\u00fbre)<\/td><td class=\"column-2\">12 cl<\/td><td class=\"column-3\">7.50 \u20ac<\/td>\n<\/tr>\n<tr class=\"row-16\">\n\t<td class=\"column-1\">Coupe de Champagne<\/td><td class=\"column-2\">12 cl<\/td><td class=\"column-3\">7.50 \u20ac<\/td>\n<\/tr>\n<tr class=\"row-17\">\n\t<td class=\"column-1\">Coupe de Champagne avec sirop<\/td><td class=\"column-2\">12 cl<\/td><td class=\"column-3\">8.00 \u20ac<\/td>\n<\/tr>\n<\/tbody>\n<\/table>\n<!-- #tablepress-2 from cache -->\n<h2 id=\"tablepress-9-name\" class=\"tablepress-table-name tablepress-table-name-id-9\">Cocktails sans alcool - 6,00 \u20ac<\/h2>\n\n<table id=\"tablepress-9\" class=\"tablepress tablepress-id-9\" aria-labelledby=\"tablepress-9-name\">\n<tbody>\n<tr class=\"row-1\">\n\t<td class=\"column-1\">MOJITO VIRGIN<\/td><td class=\"column-2\">25 cl<\/td><td class=\"column-3\">Menthe fra\u00eeche, citron vert, sucre et eau gazeuse<\/td>\n<\/tr>\n<tr class=\"row-2\">\n\t<td class=\"column-1\">TOTOLLE<\/td><td class=\"column-2\">25 cl<\/td><td class=\"column-3\">Sirop de grenadine, jus d'orange, Ice Tea<\/td>\n<\/tr>\n<tr class=\"row-3\">\n\t<td class=\"column-1\">MILK ANANAS<\/td><td class=\"column-2\">25 cl<\/td><td class=\"column-3\">Sirop de fraise, jus d'ananas, jus de lychee<\/td>\n<\/tr>\n<tr class=\"row-4\">\n\t<td class=\"column-1\">4 SEASON<\/td><td class=\"column-2\">25 cl<\/td><td class=\"column-3\">Multifruits, sirop de grenadine<\/td>\n<\/tr>\n<tr class=\"row-5\">\n\t<td class=\"column-1\">PINA COCO<\/td><td class=\"column-2\">25 cl<\/td><td class=\"column-3\">Jus d'ananas, cr\u00e8me et saveur noix de coco<\/td>\n<\/tr>\n<tr class=\"row-6\">\n\t<td class=\"column-1\">BAHAMAS SUN<\/td><td class=\"column-2\">25 cl<\/td><td class=\"column-3\">Jus d'orange aux parfums de mangue, passion, kiwi et p\u00eache blanche.<\/td>\n<\/tr>\n<tr class=\"row-7\">\n\t<td class=\"column-1\">IPANEMA<\/td><td class=\"column-2\">25 cl<\/td><td class=\"column-3\">Jus d'ananas aux saveurs de framboise, fraise et cassis<\/td>\n<\/tr>\n<tr class=\"row-8\">\n\t<td class=\"column-1\">OCEAN BLUE<\/td><td class=\"column-2\">25 cl<\/td><td class=\"column-3\">Jus d'ananas, cr\u00e8me, saveurs mangue, noix de coco, gingembre, citron et orange<\/td>\n<\/tr>\n<tr class=\"row-9\">\n\t<td class=\"column-1\">BAHIA<\/td><td class=\"column-2\">25 cl<\/td><td class=\"column-3\">Jus d'ananas aux saveurs mangue, fruits de la passion, framboise et cerise griotte<\/td>\n<\/tr>\n<tr class=\"row-10\">\n\t<td class=\"column-1\">AMOZONIA<\/td><td class=\"column-2\">25 cl<\/td><td class=\"column-3\">Jus d'orange et d'ananas, saveurs mangue, fruits de la passion, banane et kiwi<\/td>\n<\/tr>\n<\/tbody>\n<\/table>\n<!-- #tablepress-9 from cache -->\n<h2 id=\"tablepress-10-name\" class=\"tablepress-table-name tablepress-table-name-id-10\">Cocktails avec alcool - 7,00 \u20ac<\/h2>\n\n<table id=\"tablepress-10\" class=\"tablepress tablepress-id-10\" aria-labelledby=\"tablepress-10-name\">\n<tbody>\n<tr class=\"row-1\">\n\t<td class=\"column-1\">MOJITO<\/td><td class=\"column-2\">10 cl<\/td><td class=\"column-3\">Rhum, menthe fra\u00eeche, citron vert, sucre et eau gazeuse<\/td>\n<\/tr>\n<tr class=\"row-2\">\n\t<td class=\"column-1\">MARQUISE<\/td><td class=\"column-2\">25 cl<\/td><td class=\"column-3\">Rhum, sirop de citron, jus d'ananas, limonade<\/td>\n<\/tr>\n<tr class=\"row-3\">\n\t<td class=\"column-1\">COCKTAIL VODKA<\/td><td class=\"column-2\">25 cl<\/td><td class=\"column-3\">Vodka, sirop de citron, grenadine, jus d'orange, schweppes agrum'<\/td>\n<\/tr>\n<tr class=\"row-4\">\n\t<td class=\"column-1\">MALIBU PUNCH<\/td><td class=\"column-2\">25 cl<\/td><td class=\"column-3\">Malibu, sirop de grenadine, jus d'orange, limonade<\/td>\n<\/tr>\n<tr class=\"row-5\">\n\t<td class=\"column-1\">PINA COLADA<\/td><td class=\"column-2\">25 cl<\/td><td class=\"column-3\">Rhum, jus d'ananas, cr\u00e8me et saveur noix de coco<\/td>\n<\/tr>\n<tr class=\"row-6\">\n\t<td class=\"column-1\">SEX ON THE BEACH<\/td><td class=\"column-2\">25 cl<\/td><td class=\"column-3\">Vodka, mangue, passion et p\u00eache blanche, avec une touche de jus d'orange et de jus d'ananas<\/td>\n<\/tr>\n<tr class=\"row-7\">\n\t<td class=\"column-1\">PITCHICHI<\/td><td class=\"column-2\">25 cl<\/td><td class=\"column-3\">Vodka, p\u00eache blanche, litchi, jus d'ananas et une touche de citron yuzu<\/td>\n<\/tr>\n<tr class=\"row-8\">\n\t<td class=\"column-1\">SWIMMING POOL<\/td><td class=\"column-2\">25 cl<\/td><td class=\"column-3\">Rhum, Vodka, jus d'ananas, cr\u00e8me, saveurs noix de coco et cura\u00e7ao<\/td>\n<\/tr>\n<tr class=\"row-9\">\n\t<td class=\"column-1\">ZOMBIE<\/td><td class=\"column-2\">25 cl<\/td><td class=\"column-3\">Rhum, mangue, fruits de la passion, saveur abricot et jus d'ananas<\/td>\n<\/tr>\n<tr class=\"row-10\">\n\t<td class=\"column-1\">AMORANGO<\/td><td class=\"column-2\">25 cl<\/td><td class=\"column-3\">Vodka, fraise, cassis, cerise, jus d'orange et jus d'ananas, framboise et un touche de citron<\/td>\n<\/tr>\n<\/tbody>\n<\/table>\n<!-- #tablepress-10 from cache -->\n<h2 id=\"tablepress-3-name\" class=\"tablepress-table-name tablepress-table-name-id-3\">Boissons fra\u00eeches<\/h2>\n\n<table id=\"tablepress-3\" class=\"tablepress tablepress-id-3\" aria-labelledby=\"tablepress-3-name\">\n<tbody>\n<tr class=\"row-1\">\n\t<td class=\"column-1\">Evian \/ San Pellegrino<\/td><td class=\"column-2\">50 cl<\/td><td class=\"column-3\">4.00 \u20ac<\/td>\n<\/tr>\n<tr class=\"row-2\">\n\t<td class=\"column-1\">Evian \/ San Pellegrino<\/td><td class=\"column-2\">100 cl<\/td><td class=\"column-3\">5.90 \u20ac<\/td>\n<\/tr>\n<tr class=\"row-3\">\n\t<td class=\"column-1\">Jus de fruits (lychee\/ananas\/orange\/abricot\/pomme)<\/td><td class=\"column-2\">25 cl<\/td><td class=\"column-3\">3.90 \u20ac<\/td>\n<\/tr>\n<tr class=\"row-4\">\n\t<td class=\"column-1\">Coca-Cola \/ Coca Z\u00e9ro<\/td><td class=\"column-2\">33 cl<\/td><td class=\"column-3\">3.90 \u20ac<\/td>\n<\/tr>\n<tr class=\"row-5\">\n\t<td class=\"column-1\">Orangina<\/td><td class=\"column-2\">33 cl<\/td><td class=\"column-3\">3.90 \u20ac<\/td>\n<\/tr>\n<tr class=\"row-6\">\n\t<td class=\"column-1\">Oasis<\/td><td class=\"column-2\">33 cl<\/td><td class=\"column-3\">3.90 \u20ac<\/td>\n<\/tr>\n<tr class=\"row-7\">\n\t<td class=\"column-1\">Perrier<\/td><td class=\"column-2\">33 cl<\/td><td class=\"column-3\">3.90 \u20ac<\/td>\n<\/tr>\n<tr class=\"row-8\">\n\t<td class=\"column-1\">Schweppes Agrum'<\/td><td class=\"column-2\">33 cl<\/td><td class=\"column-3\">3.90 \u20ac<\/td>\n<\/tr>\n<tr class=\"row-9\">\n\t<td class=\"column-1\">7 UP<\/td><td class=\"column-2\">33 cl<\/td><td class=\"column-3\">3.90 \u20ac<\/td>\n<\/tr>\n<tr class=\"row-10\">\n\t<td class=\"column-1\">Fanta<\/td><td class=\"column-2\">33 cl<\/td><td class=\"column-3\">3.90 \u20ac<\/td>\n<\/tr>\n<tr class=\"row-11\">\n\t<td class=\"column-1\">Ice Tea p\u00eache<\/td><td class=\"column-2\">33 cl<\/td><td class=\"column-3\">3.90 \u20ac<\/td>\n<\/tr>\n<tr class=\"row-12\">\n\t<td class=\"column-1\">Diabolo (grenadine\/menthe\/fraise\/citron\/p\u00eache)<\/td><td class=\"column-2\">33 cl<\/td><td class=\"column-3\">3.90 \u20ac<\/td>\n<\/tr>\n<tr class=\"row-13\">\n\t<td class=\"column-1\">Sirop (grenadine\/menthe\/fraise\/citron\/p\u00eache)<\/td><td class=\"column-2\">33 cl<\/td><td class=\"column-3\">2.10 \u20ac<\/td>\n<\/tr>\n<\/tbody>\n<\/table>\n<!-- #tablepress-3 from cache -->\n<h2 id=\"tablepress-4-name\" class=\"tablepress-table-name tablepress-table-name-id-4\">Bi\u00e8res<\/h2>\n\n<table id=\"tablepress-4\" class=\"tablepress tablepress-id-4\" aria-labelledby=\"tablepress-4-name\">\n<tbody>\n<tr class=\"row-1\">\n\t<td class=\"column-1\">Tsingtao - Bi\u00e8re chinoise <\/td><td class=\"column-2\">33 cl<\/td><td class=\"column-3\">4.90 \u20ac<\/td>\n<\/tr>\n<tr class=\"row-2\">\n\t<td class=\"column-1\">Asahi - Bi\u00e8re Japonaise<\/td><td class=\"column-2\">33 cl<\/td><td class=\"column-3\">4.90 \u20ac<\/td>\n<\/tr>\n<tr class=\"row-3\">\n\t<td class=\"column-1\">1664 (sans alcool)<\/td><td class=\"column-2\">25 cl<\/td><td class=\"column-3\">4.00 \u20ac<\/td>\n<\/tr>\n<tr class=\"row-4\">\n\t<td class=\"column-1\">Bi\u00e8re pression - Heineken<\/td><td class=\"column-2\">25 cl<\/td><td class=\"column-3\">4.90 \u20ac<\/td>\n<\/tr>\n<tr class=\"row-5\">\n\t<td class=\"column-1\">Bi\u00e8re pression - Heineken<\/td><td class=\"column-2\">50 cl<\/td><td class=\"column-3\">7.90 \u20ac<\/td>\n<\/tr>\n<tr class=\"row-6\">\n\t<td class=\"column-1\">Bi\u00e8re pression - Panach\/Monaco<\/td><td class=\"column-2\">25 cl<\/td><td class=\"column-3\">4.90 \u20ac<\/td>\n<\/tr>\n<tr class=\"row-7\">\n\t<td class=\"column-1\">Bi\u00e8re pression - Panach\/Monaco<\/td><td class=\"column-2\">50 cl<\/td><td class=\"column-3\">7.90 \u20ac<\/td>\n<\/tr>\n<\/tbody>\n<\/table>\n<!-- #tablepress-4 from cache -->\n<h2 id=\"tablepress-5-name\" class=\"tablepress-table-name tablepress-table-name-id-5\">Champagne<\/h2>\n\n<table id=\"tablepress-5\" class=\"tablepress tablepress-id-5\" aria-labelledby=\"tablepress-5-name\">\n<tbody>\n<tr class=\"row-1\">\n\t<td class=\"column-1\">La bouteille<\/td><td class=\"column-2\">75 cl<\/td><td class=\"column-3\">45.00 \u20ac<\/td>\n<\/tr>\n<tr class=\"row-2\">\n\t<td class=\"column-1\">La coupe<\/td><td class=\"column-2\">12 cl<\/td><td class=\"column-3\">7.50 \u20ac<\/td>\n<\/tr>\n<tr class=\"row-3\">\n\t<td class=\"column-1\">La coupe avec sirop<\/td><td class=\"column-2\">12 cl<\/td><td class=\"column-3\">8.00 \u20ac<\/td>\n<\/tr>\n<\/tbody>\n<\/table>\n<!-- #tablepress-5 from cache -->\n<h2 id=\"tablepress-8-name\" class=\"tablepress-table-name tablepress-table-name-id-8\">Digestifs<\/h2>\n\n<table id=\"tablepress-8\" class=\"tablepress tablepress-id-8\" aria-labelledby=\"tablepress-8-name\">\n<tbody>\n<tr class=\"row-1\">\n\t<td class=\"column-1\">Alcool de riz (Mei Kuei Lu)<\/td><td class=\"column-2\">2 cl<\/td><td class=\"column-3\">2.90 \u20ac<\/td>\n<\/tr>\n<tr class=\"row-2\">\n\t<td class=\"column-1\">Get 27<\/td><td class=\"column-2\">4 cl<\/td><td class=\"column-3\">5.50 \u20ac<\/td>\n<\/tr>\n<tr class=\"row-3\">\n\t<td class=\"column-1\">Cognac<\/td><td class=\"column-2\">4 cl<\/td><td class=\"column-3\">6.50 \u20ac<\/td>\n<\/tr>\n<tr class=\"row-4\">\n\t<td class=\"column-1\">Poire Williams<\/td><td class=\"column-2\">4 cl<\/td><td class=\"column-3\">5.50 \u20ac<\/td>\n<\/tr>\n<tr class=\"row-5\">\n\t<td class=\"column-1\">Calvados<\/td><td class=\"column-2\">4 cl<\/td><td class=\"column-3\">6.50 \u20ac<\/td>\n<\/tr>\n<tr class=\"row-6\">\n\t<td class=\"column-1\">Irish Coffee<\/td><td class=\"column-2\"><\/td><td class=\"column-3\">8.00 \u20ac<\/td>\n<\/tr>\n<\/tbody>\n<\/table>\n<!-- #tablepress-8 from cache -->\n<h2 id=\"tablepress-6-name\" class=\"tablepress-table-name tablepress-table-name-id-6\">Boissons chaudes<\/h2>\n\n<table id=\"tablepress-6\" class=\"tablepress tablepress-id-6\" aria-labelledby=\"tablepress-6-name\">\n<tbody>\n<tr class=\"row-1\">\n\t<td class=\"column-1\">Th\u00e9 (jasmin\/vert\/menthe\/verveine)<\/td><td class=\"column-2\">3.20 \u20ac<\/td>\n<\/tr>\n<tr class=\"row-2\">\n\t<td class=\"column-1\">Caf\u00e9 \/ D\u00e9caf\u00e9in\u00e9<\/td><td class=\"column-2\">1.90 \u20ac<\/td>\n<\/tr>\n<tr class=\"row-3\">\n\t<td class=\"column-1\">Caf\u00e9 cr\u00e8me<\/td><td class=\"column-2\">3.50 \u20ac<\/td>\n<\/tr>\n<tr class=\"row-4\">\n\t<td class=\"column-1\">Caf\u00e9 Viennois (avec cr\u00e8me Chantilly)<\/td><td class=\"column-2\">3.00 \u20ac<\/td>\n<\/tr>\n<tr class=\"row-5\">\n\t<td class=\"column-1\">Caf\u00e9 noisettes<\/td><td class=\"column-2\">2.50 \u20ac<\/td>\n<\/tr>\n<\/tbody>\n<\/table>\n<!-- #tablepress-6 from cache -->\n<h2 id=\"tablepress-7-name\" class=\"tablepress-table-name tablepress-table-name-id-7\">Carte des vins<\/h2>\n\n<table id=\"tablepress-7\" class=\"tablepress tablepress-id-7\" aria-labelledby=\"tablepress-7-name\">\n<tbody>\n<tr class=\"row-1\">\n\t<td class=\"column-1\"><H3>Vins Ros\u00e9s (A.O.P)<\/H3><\/td><td class=\"column-2\"><\/td><td class=\"column-3\"><p>&nbsp;<\/p>37,5 cl<\/td><td class=\"column-4\"><p>&nbsp;<\/p>75 cl<\/td>\n<\/tr>\n<tr class=\"row-2\">\n\t<td class=\"column-1\">C\u00f4tes de Provence<\/td><td class=\"column-2\">Le Relais<\/td><td class=\"column-3\">10.50 \u20ac<\/td><td class=\"column-4\">17.50 \u20ac<\/td>\n<\/tr>\n<tr class=\"row-3\">\n\t<td class=\"column-1\">C\u00f4tes de Provence<\/td><td class=\"column-2\">Saint-Tropez<\/td><td class=\"column-3\">12.50 \u20ac<\/td><td class=\"column-4\">19.50 \u20ac<\/td>\n<\/tr>\n<tr class=\"row-4\">\n\t<td class=\"column-1\">Cabernet d'Anjou<\/td><td class=\"column-2\">Domaine de la Petite Roche<\/td><td class=\"column-3\">11.50 \u20ac<\/td><td class=\"column-4\">18.50 \u20ac<\/td>\n<\/tr>\n<tr class=\"row-5\">\n\t<td class=\"column-1\">Tavel<\/td><td class=\"column-2\">Ch\u00e2teau Manissy<\/td><td class=\"column-3\">13.50 \u20ac<\/td><td class=\"column-4\">21.50 \u20ac<\/td>\n<\/tr>\n<tr class=\"row-6\">\n\t<td class=\"column-1\">Ros\u00e9 fruit\u00e9 pamplemousse<\/td><td class=\"column-2\">8\u00b0<\/td><td class=\"column-3\"><\/td><td class=\"column-4\">16.00 \u20ac<\/td>\n<\/tr>\n<tr class=\"row-7\">\n\t<td class=\"column-1\"><H3>Vins rouges (A.O.P)<\/H3><\/td><td class=\"column-2\"><\/td><td class=\"column-3\"><p>&nbsp;<\/p>37.5 cl<\/td><td class=\"column-4\"><p>&nbsp;<\/p>75 cl<\/td>\n<\/tr>\n<tr class=\"row-8\">\n\t<td class=\"column-1\">C\u00f4tes du Rh\u00f4ne<\/td><td class=\"column-2\">Les Pierres<\/td><td class=\"column-3\">10.50 \u20ac<\/td><td class=\"column-4\">17.50 \u20ac<\/td>\n<\/tr>\n<tr class=\"row-9\">\n\t<td class=\"column-1\">Bordeaux sup\u00e9rieur<\/td><td class=\"column-2\">Ch\u00e2teau de Go\u00eblane<\/td><td class=\"column-3\">12.50 \u20ac<\/td><td class=\"column-4\">19.50 \u20ac<\/td>\n<\/tr>\n<tr class=\"row-10\">\n\t<td class=\"column-1\">Brouilly<\/td><td class=\"column-2\">Domaine Chatelan<\/td><td class=\"column-3\">15.50 \u20ac<\/td><td class=\"column-4\">22.50 \u20ac<\/td>\n<\/tr>\n<tr class=\"row-11\">\n\t<td class=\"column-1\">M\u00e9doc<\/td><td class=\"column-2\">Ch\u00e2teau Tour Prignac<\/td><td class=\"column-3\"><\/td><td class=\"column-4\">28.50 \u20ac<\/td>\n<\/tr>\n<tr class=\"row-12\">\n\t<td class=\"column-1\">Saumur Champigny<\/td><td class=\"column-2\">Les M\u00e9ribelles<\/td><td class=\"column-3\">14.50 \u20ac<\/td><td class=\"column-4\">21.50 \u20ac<\/td>\n<\/tr>\n<tr class=\"row-13\">\n\t<td class=\"column-1\">Saint-Emilion<\/td><td class=\"column-2\">Ch\u00e2teau Jean Melin<\/td><td class=\"column-3\">18.50 \u20ac<\/td><td class=\"column-4\">27.50 \u20ac<\/td>\n<\/tr>\n<tr class=\"row-14\">\n\t<td class=\"column-1\">Pinot noir d'Alsace<\/td><td class=\"column-2\">Froid ou pas<\/td><td class=\"column-3\">14.50 \u20ac<\/td><td class=\"column-4\">20.50 \u20ac<\/td>\n<\/tr>\n<tr class=\"row-15\">\n\t<td class=\"column-1\"><H3>Vins blancs (A.O.P)<\/H3><\/td><td class=\"column-2\"><\/td><td class=\"column-3\"><p>&nbsp;<\/p>37.5 cl<\/td><td class=\"column-4\"><p>&nbsp;<\/p>75 cl<\/td>\n<\/tr>\n<tr class=\"row-16\">\n\t<td class=\"column-1\">Muscadet sur Lie<\/td><td class=\"column-2\"><\/td><td class=\"column-3\">10.50 \u20ac<\/td><td class=\"column-4\">17.50 \u20ac<\/td>\n<\/tr>\n<tr class=\"row-17\">\n\t<td class=\"column-1\">Alsace Riesling<\/td><td class=\"column-2\">Cave de Turckheim<\/td><td class=\"column-3\">12.50 \u20ac<\/td><td class=\"column-4\">19.50 \u20ac<\/td>\n<\/tr>\n<tr class=\"row-18\">\n\t<td class=\"column-1\"><H3>Vins en pichet<\/H3><\/td><td class=\"column-2\"><p>&nbsp;<\/p>Le verre<\/td><td class=\"column-3\"><p>&nbsp;<\/p>25 cl<\/td><td class=\"column-4\"><p>&nbsp;<\/p>50 cl<\/td>\n<\/tr>\n<tr class=\"row-19\">\n\t<td class=\"column-1\">Rouge<\/td><td class=\"column-2\">2.90 \u20ac<\/td><td class=\"column-3\">4.50 \u20ac<\/td><td class=\"column-4\">6.50 \u20ac<\/td>\n<\/tr>\n<tr class=\"row-20\">\n\t<td class=\"column-1\">Ros\u00e9<\/td><td class=\"column-2\">2.90 \u20ac<\/td><td class=\"column-3\">4.50 \u20ac<\/td><td class=\"column-4\">6.50 \u20ac<\/td>\n<\/tr>\n<tr class=\"row-21\">\n\t<td class=\"column-1\">Blanc<\/td><td class=\"column-2\">2.90 \u20ac<\/td><td class=\"column-3\">4.50 \u20ac<\/td><td class=\"column-4\">6.50 \u20ac<\/td>\n<\/tr>\n<\/tbody>\n<\/table>\n<!-- #tablepress-7 from cache -->\n","protected":false},"excerpt":{"rendered":"<p>&nbsp;<\/p>\n","protected":false},"author":1,"featured_media":0,"parent":0,"menu_order":0,"comment_status":"closed","ping_status":"closed","template":"","meta":[],"_links":{"self":[{"href":"https:\/\/www.wafu-plerin.com\/index.php\/wp-json\/wp\/v2\/pages\/447"}],"collection":[{"href":"https:\/\/www.wafu-plerin.com\/index.php\/wp-json\/wp\/v2\/pages"}],"about":[{"href":"https:\/\/www.wafu-plerin.com\/index.php\/wp-json\/wp\/v2\/types\/page"}],"author":[{"embeddable":true,"href":"https:\/\/www.wafu-plerin.com\/index.php\/wp-json\/wp\/v2\/users\/1"}],"replies":[{"embeddable":true,"href":"https:\/\/www.wafu-plerin.com\/index.php\/wp-json\/wp\/v2\/comments?post=447"}],"version-history":[{"count":7,"href":"https:\/\/www.wafu-plerin.com\/index.php\/wp-json\/wp\/v2\/pages\/447\/revisions"}],"predecessor-version":[{"id":502,"href":"https:\/\/www.wafu-plerin.com\/index.php\/wp-json\/wp\/v2\/pages\/447\/revisions\/502"}],"wp:attachment":[{"href":"https:\/\/www.wafu-plerin.com\/index.php\/wp-json\/wp\/v2\/media?parent=447"}],"curies":[{"name":"wp","href":"https:\/\/api.w.org\/{rel}","templated":true}]}}